{"id":61,"date":"2025-01-30T22:15:59","date_gmt":"2025-01-30T22:15:59","guid":{"rendered":"https:\/\/www.eye-power.cz\/?post_type=product&#038;p=61"},"modified":"2025-03-09T15:19:58","modified_gmt":"2025-03-09T15:19:58","slug":"bryle","status":"publish","type":"product","link":"https:\/\/www.eye-power.cz\/?product=bryle","title":{"rendered":"Eye-Power Red"},"content":{"rendered":"<p>&nbsp;<\/p>\n<p>Produkt byl vyvinut ve spolupr\u00e1ci s O\u010dn\u00ed klinikou univerzity College London. EyePower Red je navr\u017een tak, aby poskytoval kontrolovan\u00e9 syt\u011b \u010derven\u00e9 sv\u011btlo 670nm um\u00edst\u011bn\u00e9 bl\u00edzko k s\u00edtnici o\u010d\u00ed bezpe\u010dn\u00fdm a pohodln\u00fdm zp\u016fsobem.<\/p>\n<p>Uv\u011bdomte si pros\u00edm, \u017ee za\u0159\u00edzen\u00ed EyePower Red je nab\u00edzeno pouze <strong>jako preventivn\u00ed opat\u0159en\u00ed zpomalit st\u00e1rnut\u00ed bun\u011bk s\u00edtnice zv\u00fd\u0161en\u00edm \u00fa\u010dinnosti mitochondri\u00ed uvnit\u0159 bu\u0148ky.\u00a0<\/strong>Nejedn\u00e1 se o zdravotn\u00ed prost\u0159edek schv\u00e1len\u00fd k jak\u00e9koliv l\u00e9\u010db\u011b oka dle z\u00e1kon\u016f \u010cesk\u00e9 republiky a Evropsk\u00e9 Unie. V p\u0159\u00edpad\u011b va\u0161ich jak\u00fdchkoliv pochybnost\u00ed, konzultujte v\u0161e se sv\u00fdm o\u010dn\u00edm l\u00e9ka\u0159em.<\/p>\n<p>Zat\u00edmco v\u00fdzkum tak\u00e9 uk\u00e1zal pozitivn\u00ed v\u00fdsledky pomoc\u00ed 670nm sv\u011btla k obnoven\u00ed ztracen\u00e9ho vid\u011bn\u00ed a vn\u00edm\u00e1n\u00ed barev, m\u00edra zlep\u0161en\u00ed se li\u0161\u00ed od \u010dlov\u011bka k \u010dlov\u011bku a je st\u00e1le p\u0159edm\u011btem dal\u0161\u00edch studi\u00ed.\u00a0 N\u011bkter\u00e9 studie jsou k dispozici na na\u0161ich str\u00e1nk\u00e1ch &#8211; viz \u010cerven\u00e9 sv\u011btlo 670nm. V sou\u010dasn\u00e9 dob\u011b neexistuje \u017e\u00e1dn\u00fd jasn\u00fd d\u016fkaz, \u017ee poskytuje l\u00e9\u010debn\u00e9 v\u00fdhody pro jak\u00fdkoli typ o\u010dn\u00edho onemocn\u011bn\u00ed nebo po\u0161kozen\u00ed.<\/p>\n<p>BEZPE\u010cNOST<\/p>\n<p>Vystaven\u00ed o\u010d\u00ed syt\u011b \u010derven\u00e9mu sv\u011btlu o vlnov\u00e9 d\u00e9lce 670nm je naprosto bezpe\u010dn\u00e9 a bylo schv\u00e1leno k pou\u017eit\u00ed Etickou komis\u00ed University College London stejn\u011b jako sv\u011btov\u011b proslul\u00fdm Etick\u00fd v\u00fdborem nemocnice Moorfields Eye Hospital. Tato schv\u00e1len\u00ed byly oba pro pou\u017eit\u00ed sv\u011btla dokonce s vy\u0161\u0161\u00ed energi\u00ed ne\u017e ta pou\u017e\u00edvan\u00e1 v tomto za\u0159\u00edzen\u00ed.<\/p>\n<p>Br\u00fdle lze pou\u017e\u00edvat jak s otev\u0159en\u00fdma, tak zav\u0159en\u00fdma o\u010dima. Sv\u011btlo670 nm\u00a0 pronik\u00e1 do oka i p\u0159es v\u00ed\u010dko oka.<\/p>\n<p><strong>Produkt je vyvinut, designov\u00e1n, vyroben ve Velk\u00e9 Brit\u00e1nii. Kontrola kvality byla tak\u00e9 provedena ve Velk\u00e9 Brit\u00e1nii\u00a0<\/strong> \u00a0 \ud83c\uddec\ud83c\udde7<\/p>\n<h2 class=\"elementor-heading-title elementor-size-default\"><\/h2>\n","protected":false},"excerpt":{"rendered":"<p>&nbsp; Produkt byl vyvinut ve spolupr\u00e1ci s O\u010dn\u00ed klinikou univerzity College London. EyePower Red je navr\u017een tak, aby poskytoval kontrolovan\u00e9 syt\u011b \u010derven\u00e9 sv\u011btlo 670nm um\u00edst\u011bn\u00e9 bl\u00edzko k s\u00edtnici o\u010d\u00ed bezpe\u010dn\u00fdm [&hellip;]<\/p>\n","protected":false},"featured_media":416,"template":"","meta":[],"product_brand":[],"product_cat":[15],"product_tag":[],"class_list":{"0":"post-61","1":"product","2":"type-product","3":"status-publish","4":"has-post-thumbnail","6":"product_cat-uncategorized","8":"first","9":"instock","10":"taxable","11":"shipping-taxable","12":"purchasable","13":"product-type-simple"},"jetpack_sharing_enabled":true,"_links":{"self":[{"href":"https:\/\/www.eye-power.cz\/index.php?rest_route=\/wp\/v2\/product\/61","targetHints":{"allow":["GET"]}}],"collection":[{"href":"https:\/\/www.eye-power.cz\/index.php?rest_route=\/wp\/v2\/product"}],"about":[{"href":"https:\/\/www.eye-power.cz\/index.php?rest_route=\/wp\/v2\/types\/product"}],"wp:featuredmedia":[{"embeddable":true,"href":"https:\/\/www.eye-power.cz\/index.php?rest_route=\/wp\/v2\/media\/416"}],"wp:attachment":[{"href":"https:\/\/www.eye-power.cz\/index.php?rest_route=%2Fwp%2Fv2%2Fmedia&parent=61"}],"wp:term":[{"taxonomy":"product_brand","embeddable":true,"href":"https:\/\/www.eye-power.cz\/index.php?rest_route=%2Fwp%2Fv2%2Fproduct_brand&post=61"},{"taxonomy":"product_cat","embeddable":true,"href":"https:\/\/www.eye-power.cz\/index.php?rest_route=%2Fwp%2Fv2%2Fproduct_cat&post=61"},{"taxonomy":"product_tag","embeddable":true,"href":"https:\/\/www.eye-power.cz\/index.php?rest_route=%2Fwp%2Fv2%2Fproduct_tag&post=61"}],"curies":[{"name":"wp","href":"https:\/\/api.w.org\/{rel}","templated":true}]}}